{"id":2612,"date":"2024-05-23T10:38:47","date_gmt":"2024-05-23T08:38:47","guid":{"rendered":"https:\/\/henosis.fr\/\/?page_id=2612"},"modified":"2024-11-07T16:00:24","modified_gmt":"2024-11-07T15:00:24","slug":"recrutement","status":"publish","type":"page","link":"https:\/\/henosis.fr\/index.php\/recrutement\/","title":{"rendered":"Recrutement"},"content":{"rendered":"\t\t<div data-elementor-type=\"wp-page\" data-elementor-id=\"2612\" class=\"elementor elementor-2612\">\n\t\t\t\t\t\t<section class=\"elementor-section elementor-top-section elementor-element elementor-element-e5d1bc9 elementor-section-boxed elementor-section-height-default elementor-section-height-default\" data-id=\"e5d1bc9\" data-element_type=\"section\" data-settings=\"{&quot;background_background&quot;:&quot;classic&quot;}\">\n\t\t\t\t\t\t\t<div class=\"elementor-background-overlay\"><\/div>\n\t\t\t\t\t\t\t<div class=\"elementor-container elementor-column-gap-default\">\n\t\t\t\t\t<div class=\"elementor-column elementor-col-100 elementor-top-column elementor-element elementor-element-5fbc780\" data-id=\"5fbc780\" data-element_type=\"column\">\n\t\t\t<div class=\"elementor-widget-wrap elementor-element-populated\">\n\t\t\t\t\t\t<div class=\"elementor-element elementor-element-b031641 elementor-widget elementor-widget-elementskit-heading\" data-id=\"b031641\" data-element_type=\"widget\" data-widget_type=\"elementskit-heading.default\">\n\t\t\t\t<div class=\"elementor-widget-container\">\n\t\t\t\t\t<div class=\"ekit-wid-con\" ><div class=\"ekit-heading elementskit-section-title-wraper text_left   ekit_heading_tablet-   ekit_heading_mobile-\"><h3 class=\"elementskit-section-subtitle  elementskit-style-border\">\n\t\t\t\t\t\tRECRUTEMENT\n\t\t\t\t\t<\/h3><h2 class=\"ekit-heading--title elementskit-section-title \">Rejoignez Henosis !<\/h2><\/div><\/div>\t\t\t\t<\/div>\n\t\t\t\t<\/div>\n\t\t\t\t\t<\/div>\n\t\t<\/div>\n\t\t\t\t\t<\/div>\n\t\t<\/section>\n\t\t\t\t<section class=\"elementor-section elementor-top-section elementor-element elementor-element-2716a3e elementor-section-boxed elementor-section-height-default elementor-section-height-default\" data-id=\"2716a3e\" data-element_type=\"section\" data-settings=\"{&quot;background_background&quot;:&quot;classic&quot;}\">\n\t\t\t\t\t\t\t<div class=\"elementor-background-overlay\"><\/div>\n\t\t\t\t\t\t\t<div class=\"elementor-container elementor-column-gap-default\">\n\t\t\t\t\t<div class=\"elementor-column elementor-col-100 elementor-top-column elementor-element elementor-element-7d5c361\" data-id=\"7d5c361\" data-element_type=\"column\">\n\t\t\t<div class=\"elementor-widget-wrap elementor-element-populated\">\n\t\t\t\t\t\t<div class=\"elementor-element elementor-element-1289029 elementor-widget elementor-widget-elementskit-heading\" data-id=\"1289029\" data-element_type=\"widget\" data-widget_type=\"elementskit-heading.default\">\n\t\t\t\t<div class=\"elementor-widget-container\">\n\t\t\t\t\t<div class=\"ekit-wid-con\" ><div class=\"ekit-heading elementskit-section-title-wraper text_left   ekit_heading_tablet-   ekit_heading_mobile-\">\t\t\t\t<div class='ekit-heading__description'>\n\t\t\t\t\t<p>Rejoignez notre \u00e9quipe innovante et contribuez \u00e0 fa\u00e7onner l'avenir du num\u00e9rique ! Chez Henosis, nous sommes leaders en infrastructure informatique et cloud, offrant des solutions de premier plan \u00e0 nos clients. Si vous \u00eates passionn\u00e9 par les nouvelles technologies, aimez relever des d\u00e9fis et souhaitez \u00e9voluer dans un environnement dynamique et collaboratif, nous voulons vous rencontrer. Ensemble, construisons le futur de l'IT.<\/p>\n<p>D\u00e9couvrez nos offres ci-dessous, et postulez directement depuis celle-ci. Nous vous recontacterons rapidement pour faire le point ensemble.<\/p>\n\t\t\t\t<\/div>\n\t\t\t<\/div><\/div>\t\t\t\t<\/div>\n\t\t\t\t<\/div>\n\t\t\t\t\t<\/div>\n\t\t<\/div>\n\t\t\t\t\t<\/div>\n\t\t<\/section>\n\t\t\t\t<section class=\"elementor-section elementor-top-section elementor-element elementor-element-f8d0e61 elementor-section-boxed elementor-section-height-default elementor-section-height-default\" data-id=\"f8d0e61\" data-element_type=\"section\" data-settings=\"{&quot;background_background&quot;:&quot;classic&quot;}\">\n\t\t\t\t\t\t<div class=\"elementor-container elementor-column-gap-default\">\n\t\t\t\t\t<div class=\"elementor-column elementor-col-100 elementor-top-column elementor-element elementor-element-4c6bffc\" data-id=\"4c6bffc\" data-element_type=\"column\">\n\t\t\t<div class=\"elementor-widget-wrap elementor-element-populated\">\n\t\t\t\t\t\t<div class=\"elementor-element elementor-element-1e532b5 elementor-widget elementor-widget-elementskit-heading\" data-id=\"1e532b5\" data-element_type=\"widget\" data-widget_type=\"elementskit-heading.default\">\n\t\t\t\t<div class=\"elementor-widget-container\">\n\t\t\t\t\t<div class=\"ekit-wid-con\" ><div class=\"ekit-heading elementskit-section-title-wraper text_left   ekit_heading_tablet-   ekit_heading_mobile-\">\t\t\t\t<div class='ekit-heading__description'>\n\t\t\t\t\t<p><div class=\"job-postings-filters clearfix filter-style-1\"><div class=\"job-listing-categories align-left\"><a href=\"https:\/\/henosis.fr\/index.php\/recrutement\/?job-category=all\" class=\"job-category job-category-all \">Tout<\/a><a href=\"https:\/\/henosis.fr\/index.php\/recrutement\/?job-category=cyber\" class=\"job-category job-category-cyber  \">Cyber S\u00e9curit\u00e9 <span class=\"category\">(1)<\/span><\/a><a href=\"https:\/\/henosis.fr\/index.php\/recrutement\/?job-category=spontanee\" class=\"job-category job-category-spontanee  \">Spontan\u00e9e <span class=\"category\">(1)<\/span><\/a><a href=\"https:\/\/henosis.fr\/index.php\/recrutement\/?job-category=technicien\" class=\"job-category job-category-technicien  \">Technicien <span class=\"category\">(1)<\/span><\/a><\/div><div class=\"jobs-search\"><form method=\"GET\" action=\"https:\/\/henosis.fr\/index.php\/recrutement\/\"><input type=\"hidden\" value=\"\" name=\"job-category\"><input class=\"job-search\" type=\"text\" placeholder=\"Chercher un poste\" value=\"\" name=\"job-search\"><button class=\"job-search-submit\"><svg width=\"0px\" height=\"0px\" version=\"1.1\" xmlns=\"http:\/\/www.w3.org\/2000\/svg\" xmlns:xlink=\"http:\/\/www.w3.org\/1999\/xlink\" x=\"0px\" y=\"0px\"\r\n\t viewBox=\"0 0 56.966 56.966\" xml:space=\"preserve\">\r\n<path d=\"M55.146,51.887L41.588,37.786c3.486-4.144,5.396-9.358,5.396-14.786c0-12.682-10.318-23-23-23s-23,10.318-23,23\r\n\ts10.318,23,23,23c4.761,0,9.298-1.436,13.177-4.162l13.661,14.208c0.571,0.593,1.339,0.92,2.162,0.92\r\n\tc0.779,0,1.518-0.297,2.079-0.837C56.255,54.982,56.293,53.08,55.146,51.887z M23.984,6c9.374,0,17,7.626,17,17s-7.626,17-17,17\r\n\ts-17-7.626-17-17S14.61,6,23.984,6z\"\/>\r\n\r\n<\/svg>\r\n<\/button><\/form><\/div><\/div><div class=\"job-listing row clearfix\"><div class=\"column medium-12 col-md-12\"><div class=\"job-preview clearfix\" ><div class=\"job-content\"><h5><a href=\"https:\/\/henosis.fr\/index.php\/job\/technicien-systeme-h-f\/\" target=\"_self\"><span>Technicien Syst\u00e8me (H\/F)<\/span><\/a><\/h5><div class=\"job-additional-information\"><span>Evreux<\/span><span class=\"job-preview-details-separator\">, <span><span>Temps plein<\/span><\/div><\/div><div class=\"job-cta\"><a href=\"https:\/\/henosis.fr\/index.php\/job\/technicien-systeme-h-f\/\" target=\"_self\" class=\"apply-btn local\">Afficher<\/a><\/div><\/div><div class=\"job-preview clearfix\" ><div class=\"job-content\"><h5><a href=\"https:\/\/henosis.fr\/index.php\/job\/administrateur-bdd-oracle-h-f\/\" target=\"_self\"><span>Administrateur BDD Oracle (H\/F)<\/span><\/a><\/h5><div class=\"job-additional-information\"><span>ROUEN<\/span><span class=\"job-preview-details-separator\">, <span><span>Temps plein<\/span><\/div><\/div><div class=\"job-cta\"><a href=\"https:\/\/henosis.fr\/index.php\/job\/administrateur-bdd-oracle-h-f\/\" target=\"_self\" class=\"apply-btn local\">Afficher<\/a><\/div><\/div><div class=\"job-preview clearfix\" ><div class=\"job-content\"><h5><a href=\"https:\/\/henosis.fr\/index.php\/job\/technicien-informatique-de-proximite-h-f\/\" target=\"_self\"><span>Technicien informatique de proximit\u00e9 H\/F<\/span><\/a><\/h5><div class=\"job-additional-information\"><span>Normandie<\/span><span class=\"job-preview-details-separator\">, <span><span>Temps plein<\/span><\/div><\/div><div class=\"job-cta\"><a href=\"https:\/\/henosis.fr\/index.php\/job\/technicien-informatique-de-proximite-h-f\/\" target=\"_self\" class=\"apply-btn local\">Afficher<\/a><\/div><\/div><div class=\"job-preview clearfix\" ><div class=\"job-content\"><h5><a href=\"https:\/\/henosis.fr\/index.php\/job\/ingenieur-securite\/\" target=\"_self\"><span>Ing\u00e9nieur s\u00e9curit\u00e9 H\/F<\/span><\/a><\/h5><div class=\"job-additional-information\"><span>ROUEN<\/span><span class=\"job-preview-details-separator\">, <span><span>Temps plein<\/span><\/div><\/div><div class=\"job-cta\"><a href=\"https:\/\/henosis.fr\/index.php\/job\/ingenieur-securite\/\" target=\"_self\" class=\"apply-btn local\">Afficher<\/a><\/div><\/div><\/div><\/div><\/p>\n\t\t\t\t<\/div>\n\t\t\t<\/div><\/div>\t\t\t\t<\/div>\n\t\t\t\t<\/div>\n\t\t\t\t\t<\/div>\n\t\t<\/div>\n\t\t\t\t\t<\/div>\n\t\t<\/section>\n\t\t\t\t<section class=\"elementor-section elementor-top-section elementor-element elementor-element-35cafb4c elementor-section-boxed elementor-section-height-default elementor-section-height-default\" data-id=\"35cafb4c\" data-element_type=\"section\" data-settings=\"{&quot;background_background&quot;:&quot;classic&quot;}\">\n\t\t\t\t\t\t<div class=\"elementor-container elementor-column-gap-default\">\n\t\t\t\t\t<div class=\"elementor-column elementor-col-100 elementor-top-column elementor-element elementor-element-10dac99e\" data-id=\"10dac99e\" data-element_type=\"column\">\n\t\t\t<div class=\"elementor-widget-wrap elementor-element-populated\">\n\t\t\t\t\t\t<section class=\"elementor-section elementor-inner-section elementor-element elementor-element-62f43b68 elementor-section-boxed elementor-section-height-default elementor-section-height-default\" data-id=\"62f43b68\" data-element_type=\"section\">\n\t\t\t\t\t\t<div class=\"elementor-container elementor-column-gap-default\">\n\t\t\t\t\t<div class=\"elementor-column elementor-col-50 elementor-inner-column elementor-element elementor-element-45e3bba1\" data-id=\"45e3bba1\" data-element_type=\"column\">\n\t\t\t<div class=\"elementor-widget-wrap elementor-element-populated\">\n\t\t\t\t\t\t<div class=\"elementor-element elementor-element-b6d5def elementor-widget elementor-widget-elementskit-heading\" data-id=\"b6d5def\" data-element_type=\"widget\" data-widget_type=\"elementskit-heading.default\">\n\t\t\t\t<div class=\"elementor-widget-container\">\n\t\t\t\t\t<div class=\"ekit-wid-con\" ><div class=\"ekit-heading elementskit-section-title-wraper text_left   ekit_heading_tablet-   ekit_heading_mobile-\"><h2 class=\"ekit-heading--title elementskit-section-title \">Vous ne trouvez pas d'offre qui vous correspond ?<\/h2><h3 class=\"ekit-heading--subtitle elementskit-section-subtitle  \">\n\t\t\t\t\t\tD\u00e9posez votre candidature spontan\u00e9e !\n\t\t\t\t\t<\/h3><\/div><\/div>\t\t\t\t<\/div>\n\t\t\t\t<\/div>\n\t\t\t\t\t<\/div>\n\t\t<\/div>\n\t\t\t\t<div class=\"elementor-column elementor-col-50 elementor-inner-column elementor-element elementor-element-53a6e414\" data-id=\"53a6e414\" data-element_type=\"column\">\n\t\t\t<div class=\"elementor-widget-wrap elementor-element-populated\">\n\t\t\t\t\t\t<div class=\"elementor-element elementor-element-615bcc4b elementor-align-center elementor-widget elementor-widget-elementskit-button\" data-id=\"615bcc4b\" data-element_type=\"widget\" data-widget_type=\"elementskit-button.default\">\n\t\t\t\t<div class=\"elementor-widget-container\">\n\t\t\t\t\t<div class=\"ekit-wid-con\" >\t\t<div class=\"ekit-btn-wraper\">\n\t\t\t\t\t\t\t<a href=\"https:\/\/henosis.fr\/index.php\/job\/2748\/\" class=\"elementskit-btn  whitespace--normal\" id=\"\">\n\t\t\t\t\tD\u00e9poser ma candidature\t\t\t\t<\/a>\n\t\t\t\t\t<\/div>\n        <\/div>\t\t\t\t<\/div>\n\t\t\t\t<\/div>\n\t\t\t\t\t<\/div>\n\t\t<\/div>\n\t\t\t\t\t<\/div>\n\t\t<\/section>\n\t\t\t\t\t<\/div>\n\t\t<\/div>\n\t\t\t\t\t<\/div>\n\t\t<\/section>\n\t\t<div class=\"elementor-element elementor-element-95230f2 e-flex e-con-boxed e-con e-parent\" data-id=\"95230f2\" data-element_type=\"container\">\n\t\t\t\t\t<div class=\"e-con-inner\">\n\t\t\t\t\t<\/div>\n\t\t\t\t<\/div>\n\t\t<div class=\"elementor-element elementor-element-fdd3862 e-flex e-con-boxed e-con e-parent\" data-id=\"fdd3862\" data-element_type=\"container\">\n\t\t\t\t\t<div class=\"e-con-inner\">\n\t\t\t\t\t<\/div>\n\t\t\t\t<\/div>\n\t\t\t\t<\/div>\n\t\t","protected":false},"excerpt":{"rendered":"<p>RECRUTEMENT Rejoignez Henosis ! Rejoignez notre \u00e9quipe innovante et contribuez \u00e0 fa\u00e7onner l&rsquo;avenir du num\u00e9rique ! Chez Henosis, nous sommes leaders en infrastructure informatique et cloud, offrant des solutions de premier plan \u00e0 nos clients. Si vous \u00eates passionn\u00e9 par les nouvelles technologies, aimez relever des d\u00e9fis et souhaitez \u00e9voluer dans un environnement dynamique et [&hellip;]<\/p>\n","protected":false},"author":1,"featured_media":0,"parent":0,"menu_order":0,"comment_status":"closed","ping_status":"closed","template":"","meta":{"footnotes":""},"class_list":["post-2612","page","type-page","status-publish","hentry"],"_links":{"self":[{"href":"https:\/\/henosis.fr\/index.php\/wp-json\/wp\/v2\/pages\/2612","targetHints":{"allow":["GET"]}}],"collection":[{"href":"https:\/\/henosis.fr\/index.php\/wp-json\/wp\/v2\/pages"}],"about":[{"href":"https:\/\/henosis.fr\/index.php\/wp-json\/wp\/v2\/types\/page"}],"author":[{"embeddable":true,"href":"https:\/\/henosis.fr\/index.php\/wp-json\/wp\/v2\/users\/1"}],"replies":[{"embeddable":true,"href":"https:\/\/henosis.fr\/index.php\/wp-json\/wp\/v2\/comments?post=2612"}],"version-history":[{"count":127,"href":"https:\/\/henosis.fr\/index.php\/wp-json\/wp\/v2\/pages\/2612\/revisions"}],"predecessor-version":[{"id":3245,"href":"https:\/\/henosis.fr\/index.php\/wp-json\/wp\/v2\/pages\/2612\/revisions\/3245"}],"wp:attachment":[{"href":"https:\/\/henosis.fr\/index.php\/wp-json\/wp\/v2\/media?parent=2612"}],"curies":[{"name":"wp","href":"https:\/\/api.w.org\/{rel}","templated":true}]}}